{"id":10,"date":"2022-10-27T12:06:21","date_gmt":"2022-10-27T12:06:21","guid":{"rendered":"https:\/\/alejandralombanagodoy.com\/?page_id=10"},"modified":"2022-10-30T12:34:20","modified_gmt":"2022-10-30T12:34:20","slug":"inicio","status":"publish","type":"page","link":"https:\/\/alejandralombanagodoy.com\/","title":{"rendered":""},"content":{"rendered":"\t\t<div data-elementor-type=\"wp-page\" data-elementor-id=\"10\" class=\"elementor elementor-10\">\n\t\t\t\t\t\t<section class=\"elementor-section elementor-top-section elementor-element elementor-element-726fcb05 elementor-section-boxed elementor-section-height-default elementor-section-height-default\" data-id=\"726fcb05\" data-element_type=\"section\" data-e-type=\"section\">\n\t\t\t\t\t\t<div class=\"elementor-container elementor-column-gap-default\">\n\t\t\t\t\t<div class=\"elementor-column elementor-col-100 elementor-top-column elementor-element elementor-element-58b51e56\" data-id=\"58b51e56\" data-element_type=\"column\" data-e-type=\"column\">\n\t\t\t<div class=\"elementor-widget-wrap elementor-element-populated\">\n\t\t\t\t\t\t<div class=\"elementor-element elementor-element-43ec8d2e elementor-widget elementor-widget-text-editor\" data-id=\"43ec8d2e\" data-element_type=\"widget\" data-e-type=\"widget\" data-widget_type=\"text-editor.default\">\n\t\t\t\t<div class=\"elementor-widget-container\">\n\t\t\t\t\t\t\t\t\t<p><\/p>\n<p><strong>\u00abEl dise\u00f1o no es solo lo que se ve y se siente. El dise\u00f1o es c\u00f3mo funciona.\u00bb<\/strong><\/p>\n<p><strong>Steve Jobs<\/strong><\/p>\n<p><\/p>\t\t\t\t\t\t\t\t<\/div>\n\t\t\t\t<\/div>\n\t\t\t\t\t<\/div>\n\t\t<\/div>\n\t\t\t\t\t<\/div>\n\t\t<\/section>\n\t\t\t\t<\/div>\n\t\t","protected":false},"excerpt":{"rendered":"<p>\u00abEl dise\u00f1o no es solo lo que se ve y se siente. El dise\u00f1o es c\u00f3mo funciona.\u00bb Steve Jobs<\/p>\n","protected":false},"author":1,"featured_media":0,"parent":0,"menu_order":0,"comment_status":"closed","ping_status":"closed","template":"","meta":{"footnotes":""},"class_list":["post-10","page","type-page","status-publish","hentry"],"yoast_head":"<!-- This site is optimized with the Yoast SEO plugin v19.9 - https:\/\/yoast.com\/wordpress\/plugins\/seo\/ -->\n<title>- ALEJANDRA LOMBANA GODOY<\/title>\n<meta name=\"description\" content=\"\u00abEl dise\u00f1o no es solo lo que se ve y se siente. El dise\u00f1o es c\u00f3mo funciona.\u00bb\" \/>\n<meta name=\"robots\" content=\"index, follow, max-snippet:-1, max-image-preview:large, max-video-preview:-1\" \/>\n<link rel=\"canonical\" href=\"https:\/\/alejandralombanagodoy.com\/\" \/>\n<meta property=\"og:locale\" content=\"es_ES\" \/>\n<meta property=\"og:type\" content=\"article\" \/>\n<meta property=\"og:title\" content=\"- ALEJANDRA LOMBANA GODOY\" \/>\n<meta property=\"og:description\" content=\"\u00abEl dise\u00f1o no es solo lo que se ve y se siente. El dise\u00f1o es c\u00f3mo funciona.\u00bb\" \/>\n<meta property=\"og:url\" content=\"https:\/\/alejandralombanagodoy.com\/\" \/>\n<meta property=\"og:site_name\" content=\"ALEJANDRA LOMBANA GODOY\" \/>\n<meta property=\"article:modified_time\" content=\"2022-10-30T12:34:20+00:00\" \/>\n<meta name=\"twitter:card\" content=\"summary_large_image\" \/>\n<meta name=\"twitter:label1\" content=\"Tiempo de lectura\" \/>\n\t<meta name=\"twitter:data1\" content=\"1 minuto\" \/>\n<script type=\"application\/ld+json\" class=\"yoast-schema-graph\">{\"@context\":\"https:\/\/schema.org\",\"@graph\":[{\"@type\":\"WebPage\",\"@id\":\"https:\/\/alejandralombanagodoy.com\/\",\"url\":\"https:\/\/alejandralombanagodoy.com\/\",\"name\":\"- ALEJANDRA LOMBANA GODOY\",\"isPartOf\":{\"@id\":\"https:\/\/alejandralombanagodoy.com\/#website\"},\"datePublished\":\"2022-10-27T12:06:21+00:00\",\"dateModified\":\"2022-10-30T12:34:20+00:00\",\"description\":\"\u00abEl dise\u00f1o no es solo lo que se ve y se siente. El dise\u00f1o es c\u00f3mo funciona.\u00bb\",\"inLanguage\":\"es\",\"potentialAction\":[{\"@type\":\"ReadAction\",\"target\":[\"https:\/\/alejandralombanagodoy.com\/\"]}]},{\"@type\":\"WebSite\",\"@id\":\"https:\/\/alejandralombanagodoy.com\/#website\",\"url\":\"https:\/\/alejandralombanagodoy.com\/\",\"name\":\"ALEJANDRA LOMBANA GODOY\",\"description\":\"MARKETING DIGITAL\",\"publisher\":{\"@id\":\"https:\/\/alejandralombanagodoy.com\/#organization\"},\"potentialAction\":[{\"@type\":\"SearchAction\",\"target\":{\"@type\":\"EntryPoint\",\"urlTemplate\":\"https:\/\/alejandralombanagodoy.com\/?s={search_term_string}\"},\"query-input\":\"required name=search_term_string\"}],\"inLanguage\":\"es\"},{\"@type\":\"Organization\",\"@id\":\"https:\/\/alejandralombanagodoy.com\/#organization\",\"name\":\"ALEJANDRA LOMBANA GODOY\",\"url\":\"https:\/\/alejandralombanagodoy.com\/\",\"logo\":{\"@type\":\"ImageObject\",\"inLanguage\":\"es\",\"@id\":\"https:\/\/alejandralombanagodoy.com\/#\/schema\/logo\/image\/\",\"url\":\"https:\/\/alejandralombanagodoy.com\/wp-content\/uploads\/2022\/10\/cropped-2-1.png\",\"contentUrl\":\"https:\/\/alejandralombanagodoy.com\/wp-content\/uploads\/2022\/10\/cropped-2-1.png\",\"width\":267,\"height\":250,\"caption\":\"ALEJANDRA LOMBANA GODOY\"},\"image\":{\"@id\":\"https:\/\/alejandralombanagodoy.com\/#\/schema\/logo\/image\/\"}}]}<\/script>\n<!-- \/ Yoast SEO plugin. -->","yoast_head_json":{"title":"- ALEJANDRA LOMBANA GODOY","description":"\u00abEl dise\u00f1o no es solo lo que se ve y se siente. El dise\u00f1o es c\u00f3mo funciona.\u00bb","robots":{"index":"index","follow":"follow","max-snippet":"max-snippet:-1","max-image-preview":"max-image-preview:large","max-video-preview":"max-video-preview:-1"},"canonical":"https:\/\/alejandralombanagodoy.com\/","og_locale":"es_ES","og_type":"article","og_title":"- ALEJANDRA LOMBANA GODOY","og_description":"\u00abEl dise\u00f1o no es solo lo que se ve y se siente. El dise\u00f1o es c\u00f3mo funciona.\u00bb","og_url":"https:\/\/alejandralombanagodoy.com\/","og_site_name":"ALEJANDRA LOMBANA GODOY","article_modified_time":"2022-10-30T12:34:20+00:00","twitter_card":"summary_large_image","twitter_misc":{"Tiempo de lectura":"1 minuto"},"schema":{"@context":"https:\/\/schema.org","@graph":[{"@type":"WebPage","@id":"https:\/\/alejandralombanagodoy.com\/","url":"https:\/\/alejandralombanagodoy.com\/","name":"- ALEJANDRA LOMBANA GODOY","isPartOf":{"@id":"https:\/\/alejandralombanagodoy.com\/#website"},"datePublished":"2022-10-27T12:06:21+00:00","dateModified":"2022-10-30T12:34:20+00:00","description":"\u00abEl dise\u00f1o no es solo lo que se ve y se siente. El dise\u00f1o es c\u00f3mo funciona.\u00bb","inLanguage":"es","potentialAction":[{"@type":"ReadAction","target":["https:\/\/alejandralombanagodoy.com\/"]}]},{"@type":"WebSite","@id":"https:\/\/alejandralombanagodoy.com\/#website","url":"https:\/\/alejandralombanagodoy.com\/","name":"ALEJANDRA LOMBANA GODOY","description":"MARKETING DIGITAL","publisher":{"@id":"https:\/\/alejandralombanagodoy.com\/#organization"},"potentialAction":[{"@type":"SearchAction","target":{"@type":"EntryPoint","urlTemplate":"https:\/\/alejandralombanagodoy.com\/?s={search_term_string}"},"query-input":"required name=search_term_string"}],"inLanguage":"es"},{"@type":"Organization","@id":"https:\/\/alejandralombanagodoy.com\/#organization","name":"ALEJANDRA LOMBANA GODOY","url":"https:\/\/alejandralombanagodoy.com\/","logo":{"@type":"ImageObject","inLanguage":"es","@id":"https:\/\/alejandralombanagodoy.com\/#\/schema\/logo\/image\/","url":"https:\/\/alejandralombanagodoy.com\/wp-content\/uploads\/2022\/10\/cropped-2-1.png","contentUrl":"https:\/\/alejandralombanagodoy.com\/wp-content\/uploads\/2022\/10\/cropped-2-1.png","width":267,"height":250,"caption":"ALEJANDRA LOMBANA GODOY"},"image":{"@id":"https:\/\/alejandralombanagodoy.com\/#\/schema\/logo\/image\/"}}]}},"_links":{"self":[{"href":"https:\/\/alejandralombanagodoy.com\/index.php?rest_route=\/wp\/v2\/pages\/10","targetHints":{"allow":["GET"]}}],"collection":[{"href":"https:\/\/alejandralombanagodoy.com\/index.php?rest_route=\/wp\/v2\/pages"}],"about":[{"href":"https:\/\/alejandralombanagodoy.com\/index.php?rest_route=\/wp\/v2\/types\/page"}],"author":[{"embeddable":true,"href":"https:\/\/alejandralombanagodoy.com\/index.php?rest_route=\/wp\/v2\/users\/1"}],"replies":[{"embeddable":true,"href":"https:\/\/alejandralombanagodoy.com\/index.php?rest_route=%2Fwp%2Fv2%2Fcomments&post=10"}],"version-history":[{"count":13,"href":"https:\/\/alejandralombanagodoy.com\/index.php?rest_route=\/wp\/v2\/pages\/10\/revisions"}],"predecessor-version":[{"id":86,"href":"https:\/\/alejandralombanagodoy.com\/index.php?rest_route=\/wp\/v2\/pages\/10\/revisions\/86"}],"wp:attachment":[{"href":"https:\/\/alejandralombanagodoy.com\/index.php?rest_route=%2Fwp%2Fv2%2Fmedia&parent=10"}],"curies":[{"name":"wp","href":"https:\/\/api.w.org\/{rel}","templated":true}]}}